*2 + 2. Let u = 9 + -3. Determine b(u).
3
Let r(b) be the third derivative of -b**6/120 + 7*b**5/60 - b**4/4 + 7*b**3/6 + 72*b**2. Calculate r(6).
7
Let b(p) be the second derivative of -p**4/12 + p**3 - 5*p**2/2 - p. Give b(5).
0
Let u be (1 + -2)*(1 + -2). Let v(o) = o**3 - o**2 + o. Let t(j) = 8*j**3 - 3*j**2 + 3*j + 1. Let g(c) = t(c) - 5*v(c). Give g(u).
4
Suppose -19*c = 4*c + 23. Let m(a) = 0*a + 0*a**2 - a**2 + 15*a**3 - 1 - 2*a. Calculate m(c).
-15
Let h(n) = 22*n**2 - 5 - 23*n**2 + 4. Determine h(3).
-10
Let g(w) = w**2 + 2*w + 1. Let r(z) = -3*z**2 + 1. Let a be r(1). Determine g(a).
1
Let w(k) = k + 512 + 5*k - 512. Let c(m) = -m**3 - 5*m**2 - 2*m - 7. Let f be c(-5). Let t be (f/(-6))/(1/(-2)). Give w(t).
6
Let i(a) = -5*a + 4*a - 15 + 4*a**2 + 4*a + 18. Calculate i(-2).
13
Let a(o) be the first derivative of o**4/4 + 4*o**3/3 - 5*o**2/2 - 13. Calculate a(-5).
0
Let c = 56 - 51. Suppose -4*d = 4*m + 12, -5*d - m = -0*m - 5. Let a(h) = c + 3*h + 0 - d - 4*h. Determine a(4).
-1
Let n(a) = -a**3 - a**2 + a. Let x(g) = 4*g**3 + 10*g**2 - 3*g - 4. Let s(o) = -5*n(o) - x(o). Let r(l) = -l**3 - l**2 - l - 1. Let c be r(-2). Calculate s(c).
-6
Let l(b) = -b**3 - 4*b**2 - 5. Suppose -2*j = -4*p - 24, -5*p = -p + 4*j. Give l(p).
-5
Suppose -4*a = -7*a - 15. Let k(w) = 6*w + 10. Let i = 17 - 6. Let u(f) = 17*f + 29. Let n(v) = i*k(v) - 4*u(v). Determine n(a).
4
Let r(q) = q**2 + 8. Let m be r(0). Let j = 5 - m. Let c be (j/(-2))/((-6)/(-8)). Let a(d) = -2*d**2 + 3*d - 3. Give a(c).
-5
Suppose -6*f + 5*f - 5*x = 21, -4*f + 3*x = -8. Let p(h) = -2*h - 1. Let i(z) = -4*z - 2. Let v(l) = -2*i(l) + 5*p(l). Calculate v(f).
1
Let i(d) = -3*d - 4*d**2 - d**3 + 9*d**2 + 2*d**3 + 2*d. Let r(u) = u**3 - 7*u**2 + 5*u + 1. Let o be r(6). Calculate i(o).
5
Suppose 0*z + 5*z - 60 = 0. Suppose 4*w - 3 = 5*m, -4*w - 3*m - m = -z. Let v(k) = 2 - 4*k**2 + 4*k**2 - k**3 + w*k - 3*k**2. Determine v(-3).
-4
Suppose f + 1 - 11 = 3*b, 0 = 4*b + 16. Let x(q) = -q. Calculate x(f).
2
Let t be (-4)/(40/15) - 1*-2. Let z(f) be the first derivative of t*f**2 - 5*f - 1. Calculate z(4).
-1
Let a(b) = b + 8. Let c be a(-6). Suppose -4*i - 16 = -4*h, 0 = -5*h - i - 0 + c. Let m(o) = -1 + o**3 + o**3 + 0. Give m(h).
1
Let n(a) = a**3 + 3*a**2 - 2*a + 3. Let r(t) = t**3 + 4*t**2 - 3*t + 4. Let w = 8 - 5. Let s(x) = w*n(x) - 2*r(x). Determine s(-2).
-3
Let g(m) = -2*m**2 - 6*m - 2. Suppose -10*u = -7*u + 12. Give g(u).
-10
Let d(q) be the third derivative of -q**6/60 + q**4/12 + q**3/6 + 7*q**2. Let v be ((-3)/(-2) + -1)*4. Let k be (v/3)/(4/(-6)). What is d(k)?
1
Let t(g) = -g - 1. Let o(y) = y**3 + 3*y**2 - 11*y - 10. Let r(j) = o(j) - 4*t(j). What is r(-4)?
6
Let n(o) = o**2 + 5*o - 2. Let s(k) = -k**2 - 7*k + 2. Let z be s(-5). Let v = 70 - 65. Suppose -x + v*x = -z. Determine n(x).
-8
Let w(k) = 6*k - 4*k**3 - k - 3*k + 4 + 2*k**2 + 3*k**3. Calculate w(3).
1
Suppose 0 = -2*j + 12 + 8. Let w = j - 7. Let k(s) = 3*s**w + 2 - s**2 - 2*s**3 + 0*s**2. What is k(0)?
2
Let p(r) = 5 - 1 + 2 + 3*r. Let h = 18 + -13. Suppose h*y = -23 + 3. Calculate p(y).
-6
Suppose 3*n - 4*j = 6, -2*n + 0*n = 3*j - 4. Suppose 0 = 3*a - 5*k + 3*k, 0 = n*a - 3*k + 5. Let b(q) = -9*q + 2*q - 6*q**3 + q**a + 8*q. What is b(-1)?
6
Let k(r) = -r**2 + 5*r - 3. Let q be 18*3/((-27)/(-6)). Suppose 2*p = 2*l + q, l + 14 = p - 4*l. Calculate k(p).
1
Let g(b) = -3*b - 1. Let y = -6 + 6. Let r = 1 - y. Determine g(r).
-4
Let c(k) = 2*k**3 + 2*k**2 + 2*k + 4. Let g be c(-2). Let p(t) = t + 2. What is p(g)?
-6
Let b(q) = 4*q + 6 + 0*q**2 - 3 - 1 + q**2. Let m be b(-4). Let d(x) = -4*x + 2. What is d(m)?
-6
Let m be (3/2)/(6/(-20)). Let c(z) = -2*z - 6. Calculate c(m).
4
Let h(k) be the second derivative of -k**4/12 + k**3/2 + k**2/2 - 40*k. Calculate h(5).
-9
Let f(o) = -4*o + 3. Let t(s) = 2*s - 9. Let x be t(7). Calculate f(x).
-17
Let u(g) be the third derivative of -1/60*g**5 - 3*g**2 - 1/24*g**4 + 0 - 1/6*g**3 - 1/24*g**6 + 0*g. Calculate u(-1).
4
Let m(h) = h**3 - 7*h**2 - h - 4. Let s = -18 - -25. What is m(s)?
-11
Let p(d) be the first derivative of 5/3*d**3 + 1/4*d**4 + 0*d**2 - 1 - 2*d. Suppose -11 = o - 6. Give p(o).
-2
Let a(k) = 2*k. Let c(j) = j**3 - 14*j**2 - 17*j + 27. Let o be c(15). Determine a(o).
-6
Let y(v) = 4*v**3 - v**2 + 2*v - 1. Let x be y(1). Let n = x + -6. Let l(o) be the third derivative of -o**6/120 - o**5/15 - o**4/8 + 10*o**2 + 5. Give l(n).
-2
Let k(t) = t**2 + t - 3. Suppose 2*h - 3*y - 2*y = -5, -3*h - 19 = 4*y. Let b(s) = -s**2 - 5*s + 2. Let v be b(h). Suppose v*o = -0*o. Give k(o).
-3
Let a(k) = k**3 - 11*k**2 - k + 10. Let j be a(11). Suppose 4 = 5*q - 6. Let l(n) = 3*n**q - 2*n - 2*n**2 + 3*n + 1. Determine l(j).
1
Let d = 9 - 7. Let f(n) be the second derivative of d*n**2 + 2*n + 0 + 1/2*n**3. Determine f(-3).
-5
Let m(p) = -2*p**2. Let l = -7 + 1. Let n = 6 + -9. Let k be (n/l)/(2/4). Determine m(k).
-2
Let l(d) = -d**2 + 6*d - 1. Let r(m) = -m**3 + 4*m**2 - m - 1. Let t(n) = n - 2. Let i be t(5). Let j be r(i). What is l(j)?
4
Let j = 14 - 13. Let b(m) = 8*m**2 - m. Give b(j).
7
Suppose 0 = 2*x + 3*v + 2*v - 26, 5*x - 31 = -4*v. Let o = -21 + 27. Let n(p) = 5 + 1 - o - 2*p. Determine n(x).
-6
Let v be 12 + -1 + 4 + 2. Let f(c) = -29 + c + 54 - v. Let a be 37/(-7) - 6/(-21). Give f(a).
3
Let d = 25 + -21. Let i(t) be the third derivative of -t**7/840 + t**6/90 - 5*t**4/24 + t**3/6 + t**2. Let m(g) be the first derivative of i(g). Give m(d).
-5
Let h(j) = j**2 - 6*j + 2. Let u = 4 - 3. Suppose 2*d = -3*d + 25. Let x = d - u. Give h(x).
-6
Let x be 3*-6*1/(-3). Let m(k) be the third derivative of 0 + 1/120*k**x - 2*k**2 - 1/60*k**5 + 0*k**3 + 0*k + 0*k**4. Calculate m(1).
0
Let g be 32/14 + 4/(-14). Let d(p) = 1 - 1 + 2*p - 1 + g*p**2. Determine d(-2).
3
Suppose -27 = -2*u + n, -5*u - n + 71 = -0*u. Suppose 3*d = 4 + u. Suppose -r = d - 1. Let z(y) = y**3 + 5*y**2 + y - 4. What is z(r)?
-9
Let d(v) = v**2 - 1. Let r(y) = y**3 + 3*y**2 - 2*y - 4. Let z(f) = d(f) + r(f). Let w = -6 - -10. Suppose -2*t - w = -t. What is z(t)?
3
Let n = 15 + -12. Let x(i) = -4*i**3 + 8*i**2 - 7*i - 2. Let b(z) = -7*z**3 + 15*z**2 - 13*z - 3. Let j(v) = n*b(v) - 5*x(v). Calculate j(4).
1
Let t(x) be the third derivative of -x**5/20 + x**4/6 - x**3/3 + 19*x**2. What is t(2)?
-6
Suppose 0 = 4*k + 49 - 13. Let s be -2*(-3)/(-6) - k. Let x(p) = p**2 - 7*p - 5. Determine x(s).
3
Suppose -3*z + 0*p - p + 19 = 0, 0 = 3*z + 2*p - 20. Let g(w) = 8 - 8 + z + 5*w - w**2. Calculate g(6).
0
Let a = 12 + -17. Let v = a - -1. Let o(c) = -8*c - c**2 - 4 + 4*c + 1. What is o(v)?
-3
Suppose 3*r - 5*r = -54. Suppose 2*g + g = r. Suppose 0 = 2*s - 3 + 5, t - 5*s - g = 0. Let a(u) = u**3 - 5*u**2 + 3*u + 3. Give a(t).
-1
Let m(h) be the second derivative of -h**5/60 - h**4/12 - h**3/3 - 5*h**2/2 - 4*h. Let f(x) be the first derivative of m(x). Give f(-2).
-2
Let x(d) = d**2 + 11*d + 5. Let v(i) = 2*i**2 - 22*i + 9. Let c be v(10). Give x(c).
5
Let k(o) = 3*o**3 - 2*o**2 + o - 4. Let y(x) = 10*x**3 - 7*x**2 + 3*x - 13. Let u(f) = -7*k(f) + 2*y(f). Give u(0).
2
Let l(j) = j**2 - 3*j + 3. Let m(h) = -h**3 - 6*h**2 + 5*h - 8. Let w be m(-7). Suppose 5*o = 4 + w. What is l(o)?
1
Let h be 0 - -1 - 2*-1. Let a(y) = 2*y**3 + 5*y**2 + 5 - h*y**3 + 0 + 2*y - 3. What is a(5)?
12
Let b = 8 - 3. Let q = 0 - -3. Let i(y) = 1 + 6*y**2 - 5 - 3*y**3 - 3*y + 2*y**q. Calculate i(b).
6
Suppose -5*y - 5 = -5*o, -20 = -4*y - 0*y - 2*o. Suppose -2*u + 15 = y. Let s(p) = 5*p**2 - u + 3 - 3 - p**3. What is s(5)?
-6
Let t(o) = 2*o + 3. Let k(u) = 2*u - 1. Let h(s) = -2*k(s) - t(s). Determine h(-2).
11
Let d(l) = l**3 - 5*l**2 - 7*l + 2. Suppose 2*h = -h + 24. Suppose h*i - 3*i - 30 = 0. What is d(i)?
-4
Let h be (1 + 23)*2/4. Suppose h = -g - 2*g. Let t(v) = -v + 4. Determine t(g).
8
Let r(l) = l - 11. Let x be 2/(-8) - (-2)/(3 + 5). Give r(x).
-11
Let w be -4*2/4*-9. Let u = w + -18. Let l(z) = -z - 5. Determine l(u).
-5
Let i(y) be the second derivative of y**5/60 + y**4/6 - 2*y**3/3 - y**2/2 - 4*y. Let a(x) be the first derivative of i(x). Give a(-5).
1
Let g(b) = 12*b - 13 - 5*b - 6*b. What is g(0)?
-13
Let v(n) = 6*n + 15. Let w(q) = -3*q - 8. Let o(g) = -5*v(g) - 9*w(g). Let t be o(-2). Let k(h) = 0 - 2 - t*h - 5 + 2*h. Calculate